de 500818895?
True
Is 4821 a factor of 820293150?
True
Is 829 a factor of 8043705?
False
Does 1182 divide 17205192?
True
Does 107 divide 234110566?
False
Is 457 a factor of 31912767?
True
Is 2129 a factor of 2842662120?
False
Is 453 a factor of 36151976?
False
Is 37014723 a multiple of 15?
False
Is 1115866366 a multiple of 40?
False
Is 202 a factor of 2273717533?
False
Is 22 a factor of 667831202?
False
Does 45 divide 1786846095?
True
Does 1767 divide 479146650?
False
Is 84389130 a multiple of 17?
False
Is 64313976 a multiple of 6?
True
Does 57 divide 1839109902?
True
Does 1384 divide 342650720?
True
Is 44 a factor of 125898784?
True
Is 2 a factor of 276419669?
False
Is 398 a factor of 74692660?
True
Is 38828175 a multiple of 1918?
False
Is 40686449 a multiple of 833?
False
Is 1087 a factor of 123294541?
False
Is 10 a factor of 661632588?
False
Is 705 a factor of 856141425?
True
Does 59 divide 69586429?
True
Does 89 divide 43975857?
False
Does 12 divide 1727056853?
False
Is 713295624 a multiple of 45?
False
Is 90198493 a multiple of 7?
True
Is 347 a factor of 266819705?
False
Does 948 divide 9399352?
False
Is 1738 a factor of 611496550?
False
Is 55683016 a multiple of 617?
True
Is 164 a factor of 121336759?
False
Is 27 a factor of 49596223?
False
Is 30487590 a multiple of 567?
True
Does 338 divide 43431310?
True
Does 22 divide 943545769?
False
Is 1055884410 a multiple of 5670?
True
Is 163713635 a multiple of 1476?
False
Is 934665859 a multiple of 13?
False
Is 18 a factor of 1082168758?
False
Is 12 a factor of 270764282?
False
Does 4496 divide 3547789104?
True
Does 6 divide 3847216?
False
Is 8 a factor of 2597504?
True
Is 87 a factor of 223777137?
True
Does 18 divide 91036062?
True
Is 47362680 a multiple of 4014?
False
Is 1081128130 a multiple of 2121?
False
Is 27946776 a multiple of 78?
True
Does 68 divide 33641730?
False
Is 3125 a factor of 12732872?
False
Is 130 a factor of 151628490?
True
Does 18 divide 16432920?
True
Does 17 divide 2044369?
True
Is 62826144 a multiple of 83?
False
Does 420 divide 136929259?
False
Is 31272996 a multiple of 246?
True
Does 170 divide 164236320?
True
Does 1656 divide 1930973516?
False
Does 57 divide 1699098009?
True
Does 16 divide 9623456?
True
Is 20 a factor of 1471471321?
False
Is 1162 a factor of 145189844?
False
Is 182121982 a multiple of 1092?
False
Is 95742108 a multiple of 42?
True
Is 81771332 a multiple of 180?
False
Is 1549216350 a multiple of 450?
True
Is 557 a factor of 2223013179?
True
Does 11 divide 3961485?
True
Is 1629517356 a multiple of 8?
False
Does 1121 divide 2649416240?
True
Does 144 divide 582956640?
True
Is 70 a factor of 60826710?
True
Does 8 divide 21613161?
False
Is 24648632 a multiple of 43?
True
Is 142829487 a multiple of 2125?
False
Is 52196461 a multiple of 20?
False
Does 673 divide 2499601?
False
Does 23 divide 17007798?
False
Is 416 a factor of 81489009?
False
Is 9852183 a multiple of 77?
False
Is 79440959 a multiple of 17?
False
Is 441879180 a multiple of 20?
True
Does 4161 divide 686267891?
False
Does 38 divide 15271294?
False
Is 29 a factor of 59415113?
True
Is 13 a factor of 48709590?
False
Does 19 divide 41068322?
False
Does 16 divide 184982820?
False
Is 12763 a factor of 1851262438?
False
Is 132 a factor of 60036240?
True
Is 896274894 a multiple of 206?
True
Does 1198 divide 24372112?
True
Does 11 divide 1096764862?
False
Is 89469975 a multiple of 4053?
True
Is 77608198 a multiple of 19?
True
Is 187254063 a multiple of 3243?
True
Is 118 a factor of 1202556054?
True
Does 530 divide 22498500?
True
Does 777 divide 114368961?
True
Does 4159 divide 707667982?
False
Is 11 a factor of 88346309?
False
Is 728 a factor of 114103808?
True
Does 1063 divide 3850612263?
True
Does 607 divide 107807451?
False
Does 5 divide 117592390?
True
Is 643286460 a multiple of 20?
True
Does 106 divide 10312494?
False
Is 79 a factor of 75559155?
True
Is 456944447 a multiple of 4481?
False
Is 899 a factor of 23441425?
True
Is 172 a factor of 62307860?
True
Is 37601208 a multiple of 8?
True
Is 106689818 a multiple of 435?
False
Is 14179358 a multiple of 958?
True
Is 1524 a factor of 667422084?
True
Does 2040 divide 221617689?
False
Is 873000 a multiple of 111?
False
Does 440 divide 1236580862?
False
Is 867207119 a multiple of 5845?
False
Is 10 a factor of 31116822?
False
Is 116153721 a multiple of 3?
True
Is 645 a factor of 257816175?
True
Is 4424017000 a multiple of 4940?
True
Is 243 a factor of 1713150?
True
Does 15 divide 162752152?
False
Does 2940 divide 170899260?
True
Does 18 divide 32582124?
True
Does 22 divide 14403268?
True
Is 42173338 a multiple of 43?
False
Does 3631 divide 69000449?
False
Is 72 a factor of 121248273?
False
Is 29433696 a multiple of 48?
True
Is 8916215 a multiple of 3?
False
Is 51 a factor of 7630034?
False
Is 330 a factor of 587853420?
True
Is 4730 a factor of 39540052?
False
Is 498 a factor of 111391146?
True
Is 283202279 a multiple of 25?
False
Is 14990052 a multiple of 462?
True
Is 36 a factor of 16553952?
True
Does 231 divide 19750500?
True
Is 281758230 a multiple of 351?
True
Is 37 a factor of 5342547?
False
Is 84214406 a multiple of 10?
False
Is 63 a factor of 7639758?
True
Is 86624442 a multiple of 309?
True
Is 51388994 a multiple of 7?
False
Does 82 divide 34226226?
True
Is 384675186 a multiple of 2058?
True
Does 306 divide 545090893?
False
Does 1775 divide 33807563?
False
Is 21034739 a multiple of 77?
False
Is 15711805 a multiple of 16?
False
Is 306240137 a multiple of 77?
False
Is 392122 a multiple of 103?
False
Is 1176 a factor of 5887716224?
False
Is 4 a factor of 2204443?
False
Is 27 a factor of 47775042?
True
Is 2 a factor of 295706879?
False
Is 77104344 a multiple of 135?
False
Does 180 divide 7949565?
False
Is 6 a factor of 192298121?
False
Is 21484438 a multiple of 159?
False
Does 384 divide 562539783?
False
Is 38 a factor of 14039100?
True
Is 149047784 a multiple of 3525?
False
Is 135 a factor of 1554766511?
False
Does 25 divide 9625099?
False
Does 61 divide 114558?
True
Is 25 a factor of 2162433131?
False
Does 58 divide 63493644?
True
Is 20 a factor of 410767973?
False
Does 16 divide 1051392?
True
Is 185164842 a multiple of 28?
False
Is 11822 a factor of 1448336864?
True
Is 3162644676 a multiple of 27?
True
Is 35 a factor of 15194360?
False
Is 1842467412 a multiple of 6?
True
Is 972 a factor of 8714766?
False
Is 1007 a factor of 623632079?
True
Is 58307171 a multiple of 95?
False
Does 45 divide 96729691?
False
Is 2427 a factor of 327364198?
False
Does 1130 divide 396067260?
True
Is 943477693 a multiple of 504?
False
Is 10210439 a multiple of 12?
False
Is 2625 a factor of 286560750?
True
Is 33560040 a multiple of 680?
True
Is 355 a factor of 281073953?
False
Does 74 divide 32202432?
True
Is 158 a factor of 283620744?
True
Is 71725251 a multiple of 39?
True
Does 825 divide 33899250?
True
Is 176818238 a multiple of 127?
False
Is 587152819 a multiple of 1728?
False
Does 275 divide 989680175?
True
Is 5617 a factor of 393188191?
False
Does 268 divide 102898550?
False
Is 62 a factor of 375811439?
False
Is 131 a factor of 110140084?
True
Is 4987392310 a multiple of 1309?
False
Does 38 divide 4206106?
True
Is 62 a factor of 68375593?
False
Is 1968060202 a multiple of 107?
True
Does 16 divide 210020559?
False
Does 393 divide 6922003?
False
Is 108859352 a multiple of 29?
False
Does 593 divide 16961759?
False
Is 14683467 a multiple of 63?
False
Does 14 divide 589205204?
True
Is 33479520 a multiple of 48?
True
Is 52488881 a multiple of 2988?
False
Is 9920278 a multiple of 389?
True
Does 67 divide 96492408?
False
Is 7444534 a multiple of 479?
False
Is 7 a factor of 134453088?
True
Is 6 a factor of 51890711?
False
Does 47 divide 5805570?
False
Is 387679 a multiple of 34?
False
Does 221 divide 52849148?
False
Is 40 a factor of 2150400?
True
Is 2416343176 a multiple of 13?
True
Is 23 a factor of 317984099?
False
Is 101 a factor of 16547433?
False
Is 1700 a factor of 18595503?
False
Does 370 divide 580567597?
False
Is 65 a factor of 3825252?
False
Is 332 a factor of 3427661714?
False
Does 5294 divide 1015879958?
False
Does 3 divide 328052?
False
Does 14 divide 780942316?
True
Does 1085 divide 4747243082?
False
Does 6 divide 12645966?
True
Is 6 a factor of 615630?
True
